5140?
2408
Calculate the remainder when 436534 is divided by 108966.
670
Calculate the remainder when 4174043 is divided by 68.
67
What is the remainder when 17197643 is divided by 838?
207
Calculate the remainder when 14282 is divided by 14139.
143
Calculate the remainder when 251777 is divided by 266.
141
Calculate the remainder when 3391056 is divided by 1410.
6
What is the remainder when 100893537 is divided by 3540?
3537
Calculate the remainder when 6661789 is divided by 951681.
22
Calculate the remainder when 239083 is divided by 119352.
379
Calculate the remainder when 4421238 is divided by 15405.
3
What is the remainder when 1049394 is divided by 9207?
9003
What is the remainder when 858809 is divided by 149?
122
Calculate the remainder when 656518 is divided by 328018.
482
What is the remainder when 92942 is divided by 46385?
172
Calculate the remainder when 2067851 is divided by 76.
43
What is the remainder when 24180582 is divided by 715?
712
What is the remainder when 24388440 is divided by 1742027?
62
Calculate the remainder when 52940323 is divided by 100.
23
What is the remainder when 21511223 is divided by 4164?
4163
Calculate the remainder when 318085 is divided by 205.
130
Calculate the remainder when 482382 is divided by 1531.
117
Calculate the remainder when 11977 is divided by 9817.
2160
What is the remainder when 16439247 is divided by 531?
18
Calculate the remainder when 735672 is divided by 109.
31
What is the remainder when 23642563 is divided by 13?
9
Calculate the remainder when 118306115 is divided by 67105.
0
Calculate the remainder when 214162990 is divided by 581.
580
Calculate the remainder when 12276 is divided by 10824.
1452
What is the remainder when 920857 is divided by 43?
12
Calculate the remainder when 1840842 is divided by 167.
1
Calculate the remainder when 44432482 is divided by 217.
213
What is the remainder when 861324 is divided by 430657?
10
What is the remainder when 1876832 is divided by 38297?
279
Calculate the remainder when 45737837 is divided by 15245945.
2
Calculate the remainder when 5944406 is divided by 338.
0
What is the remainder when 2377133 is divided by 5674?
5401
What is the remainder when 5637329 is divided by 145?
19
What is the remainder when 5141540 is divided by 6660?
20
Calculate the remainder when 51053117 is divided by 2627.
2626
What is the remainder when 23856 is divided by 1684?
280
Calculate the remainder when 191234 is divided by 46318.
5962
Calculate the remainder when 7392370 is divided by 28.
6
What is the remainder when 6426473 is divided by 157?
149
Calculate the remainder when 10843333 is divided by 27.
25
Calculate the remainder when 236021 is divided by 304.
117
What is the remainder when 23672 is divided by 5570?
1392
Calculate the remainder when 27367 is divided by 13655.
57
Calculate the remainder when 160214 is divided by 3408.
38
Calculate the remainder when 33943409 is divided by 2086.
17
What is the remainder when 1115510 is divided by 1178?
1122
Calculate the remainder when 24240952 is divided by 563742.
46
Calculate the remainder when 87835 is divided by 20410.
6195
What is the remainder when 61020 is divided by 1246?
1212
Calculate the remainder when 2527594 is divided by 1136.
1130
Calculate the remainder when 168028 is divided by 54765.
3733
Calculate the remainder when 316497010 is divided by 2473.
2470
What is the remainder when 1828909 is divided by 136?
117
What is the remainder when 44089 is divided by 8752?
329
What is the remainder when 15680034 is divided by 32?
2
What is the remainder when 278769525 is divided by 5466069?
6
Calculate the remainder when 85984079 is divided by 4953.
4952
Calculate the remainder when 184453 is divided by 26348.
17
What is the remainder when 24747 is divided by 3515?
142
What is the remainder when 135659 is divided by 45060?
479
Calculate the remainder when 1435280 is divided by 2592.
1904
Calculate the remainder when 74671166 is divided by 1144.
1142
Calculate the remainder when 42083227 is divided by 1720.
1707
What is the remainder when 177711 is divided by 22209?
39
Calculate the remainder when 39303 is divided by 11554.
4641
Calculate the remainder when 70145 is divided by 33914.
2317
Calculate the remainder when 243094 is divided by 7365.
49
Calculate the remainder when 207440 is divided by 87.
32
What is the remainder when 92283427 is divided by 837?
829
Calculate the remainder when 1881604 is divided by 11.
10
What is the remainder when 11838232 is divided by 144?
136
Calculate the remainder when 793159 is divided by 2666.
1357
What is the remainder when 701077 is divided by 8988?
13
What is the remainder when 6104396 is divided by 219?
209
What is the remainder when 214214341 is divided by 3180?
1
Calculate the remainder when 23306321 is divided by 11464.
9
What is the remainder when 21940949 is divided by 953953?
30
Calculate the remainder when 7180373 is divided by 162.
47
What is the remainder when 1991367 is divided by 657?
0
Calculate the remainder when 369117 is divided by 1112.
1045
Calculate the remainder when 38525 is divided by 4240.
365
Calculate the remainder when 2347371 is divided by 644.
635
Calculate the remainder when 19992353 is divided by 1194.
17
What is the remainder when 11814038 is divided by 302924?
2
What is the remainder when 5928966 is divided by 103?
80
Calculate the remainder when 488684 is divided by 814.
284
What is the remainder when 14898742 is divided by 744937?
2
Calculate the remainder when 666537903 is divided by 487.
483
Calculate the remainder when 465840 is divided by 123.
39
What is the remainder when 70138 is divided by 23329?
151
Calculate the remainder when 52464 is divided by 10330.
814
What is the remainder when 630638289 is divided by 564?
561
Calculate the remainder when 263271 is divided by 706.
639
Calculate the remainder when 2400496 is divided by 355.
341
What is the remainder when 545036259 is divided by 77?
75
What is the remainder when 3932718 is divided by 578?
6
What is the remainder when 1020012 is divided by 63748?
44
What is the remainder when 130481 is divided by 3217?
1801
Calculate the remainder when 326369 is divided by 1209.
1148
Calculate the remainder when 239377919 is divided by 79792638.
5
What is the remainder when 1507171 is divided by 753544?
83
What is the remainder when 254154 is divided by 50789?
209
Calculate the remainder when 268427 is divided by 1448.
547
Calculate the remainder when 1309716 is divided by 34466.
8
What is the remainder when 11080432 is divided by 1774?
28
What is the remainder when 681595 is divided by 340710?
175
What is the remainder when 6528590 is divided by 78?
68
What is the remainder when 119902 is divided by 9222?
16
Calculate the remainder when 164956 is divided by 54966.
58
What is the remainder when 4767 is divided by 2865?
1902
Calculate the remainder when 94588 is divided by 6433.
4526
Calculate the remainder when 271589 is divided by 1.
0
Calculate the remainder when 8587977 is divided by 2146991.
13
What is the remainder when 802674 is divided by 43?
36
What is the remainder when 124261 is divided by 903?
550
Calculate the remainder when 93131367 is divided by 46565678.
11
Calculate the remainder when 203521 is divided by 84.
73
What is the remainder when 786771 is divided by 191?
42
What is the remainder when 1944750 is divided by 149?
2
What is the remainder when 1921180 is divided by 1314?
112
Calculate the remainder when 78542 is divided by 18449.
4746
Calculate the remainder when 60552297 is divided by 535861.
4
Calculate the remainder when 724512 is divided by 5750.
12
Calculate the remainder when 181839631 is divided by 19.
17
Calculate the remainder when 14545247 is divided by 27.
23
Calculate the remainder when 2750557 is divided by 92.
33
What is the remainder when 53559297 is divided by 224?
1
What is the remainder when 7144150 is divided by 24?
22
Calculate the remainder when 1286842 is divided by 2735.
1392
What is the remainder when 4210792 is divided by 17?
11
Calculate the remainder when 1353165 is divided by 24.
21
What is the remainder when 312480 is divided by 1781?
805
Calculate the remainder when 9229299 is divided by 957.
948
What is the remainder when 129311 is divid